{"id":321,"date":"2024-05-05T21:29:29","date_gmt":"2024-05-05T19:29:29","guid":{"rendered":"http:\/\/kindervillaosnabrueck.de\/cms\/?page_id=321"},"modified":"2025-09-04T21:37:05","modified_gmt":"2025-09-04T19:37:05","slug":"unsere-kita-plaetze","status":"publish","type":"page","link":"https:\/\/kindervillaosnabrueck.de\/cms\/unsere-kita-plaetze\/","title":{"rendered":"Unsere Kita-Pl\u00e4tze"},"content":{"rendered":"<div data-colibri-id=\"321-c1\" class=\"style-659 style-local-321-c1 position-relative\">\n  <!---->\n  <div data-colibri-component=\"section\" data-colibri-id=\"321-c2\" id=\"about\" class=\"h-section h-section-global-spacing d-flex align-items-lg-center align-items-md-center align-items-center style-660 style-local-321-c2 position-relative\">\n    <!---->\n    <!---->\n    <div class=\"h-section-grid-container h-section-boxed-container\">\n      <!---->\n      <div data-colibri-id=\"321-c6\" class=\"h-row-container gutters-row-lg-2 gutters-row-md-2 gutters-row-2 gutters-row-v-lg-2 gutters-row-v-md-2 gutters-row-v-2 style-661 style-local-321-c6 position-relative\">\n        <!---->\n        <div class=\"h-row justify-content-lg-center justify-content-md-center justify-content-center align-items-lg-stretch align-items-md-stretch align-items-stretch gutters-col-lg-2 gutters-col-md-2 gutters-col-2 gutters-col-v-lg-2 gutters-col-v-md-2 gutters-col-v-2\">\n          <!---->\n          <div class=\"h-column h-column-container d-flex h-col-lg-auto h-col-md-auto h-col-auto style-662-outer style-local-321-c7-outer\">\n            <div data-colibri-id=\"321-c7\" class=\"d-flex h-flex-basis h-column__inner h-px-lg-2 h-px-md-2 h-px-2 v-inner-lg-2 v-inner-md-2 v-inner-2 style-662 style-local-321-c7 position-relative\">\n              <!---->\n              <!---->\n              <div class=\"w-100 h-y-container h-column__content h-column__v-align flex-basis-100 align-self-lg-center align-self-md-center align-self-center\">\n                <!---->\n                <div data-colibri-id=\"321-c8\" class=\"h-global-transition-all h-heading style-663 style-local-321-c8 position-relative h-element\">\n                  <!---->\n                  <div class=\"h-heading__outer style-663 style-local-321-c8\">\n                    <!---->\n                    <!---->\n                    <h5 class=\"\">Das Platzvergabeverfahren<\/h5>\n                  <\/div>\n                <\/div>\n                <div data-colibri-id=\"321-c9\" class=\"h-lead h-text h-text-component style-665 style-local-321-c9 position-relative h-element\">\n                  <!---->\n                  <!---->\n                  <div class=\"\">\n                    <p>Wir freuen uns, dass Sie sich f\u00fcr einen Platz in der Kindervilla interessieren.<\/p>\n                    <p>Damit wir Ihr Kind \/ Ihre Kinder bei der Platzvergabe ber\u00fccksichtigen k\u00f6nnen, ist es wichtig, dass Sie sich online \u00fcber das Portal der Stadt Osnabr\u00fcck anmelden.<\/p>\n                    <p><strong>Dies erreichen Sie \u00fcber folgenden Link:&nbsp;<\/strong>\n                      <a href=\"https:\/\/www.osnabrueck.de\/kita-anmeldung\" style=\"color: rgb(128, 128, 128);\" class=\"customize-unpreviewable\"><strong>http:\/\/www.osnabrueck.de\/kita-anmeldung<\/strong><\/a><strong>&nbsp;oder \u00fcber den nebenstehende OR-Code.<\/strong><\/p>\n                    <p><strong>Die Kita-Anmeldung ist auch auf der Startseite der Stadt Osnabr\u00fcck und im Service Portal (<\/strong>\n                      <a href=\"https:\/\/service.osnabrueck.de\" style=\"color: rgb(128, 128, 128);\" class=\"customize-unpreviewable\"><strong>service.osnabrueck.de<\/strong><\/a><strong>) verlinkt.<\/strong><\/p>\n                    <p><strong>Zudem erwarten wir ein separates Anschreiben (gerne per Mail an&nbsp;<\/strong>\n                      <a href=\"mailto:fragen@kindervilla-osnabrueck.de\" style=\"color: rgb(128, 128, 128);\"><strong>platzvergabe@kindervilla-osnabrueck.de<\/strong><\/a><strong>), in dem Sie uns mehr zu Ihrem Kind und Ihrer famili\u00e4ren Situation mitteilen und aus dem hervorgeht, warum Sie sich f\u00fcr unseren Elternverein entschieden haben.&nbsp;<\/strong><\/p>\n                    <p>.<\/p>\n                  <\/div>\n                <\/div>\n                <div data-colibri-id=\"321-c10\" class=\"h-x-container style-666 style-local-321-c10 position-relative h-element\">\n                  <!---->\n                  <div class=\"h-x-container-inner style-dynamic-321-c10-group style-666-spacing style-local-321-c10-spacing\"><span class=\"h-button__outer style-667-outer style-local-321-c11-outer d-inline-flex h-element\"><a h-use-smooth-scroll=\"true\" href=\"http:\/\/www.osnabrueck.de\/kita-anmeldung\"  data-colibri-id=\"321-c11\" class=\"d-flex w-100 align-items-center h-button justify-content-lg-center justify-content-md-center justify-content-center style-667 style-local-321-c11 position-relative\"><!----><!----> <span>Kita Anmeldung<\/span><\/a>\n                    <\/span>\n                  <\/div>\n                <\/div>\n              <\/div>\n            <\/div>\n          <\/div>\n          <div class=\"h-column h-column-container d-flex h-col-lg-auto h-col-md-auto h-col-auto style-668-outer style-local-321-c12-outer\">\n            <div data-colibri-id=\"321-c12\" class=\"d-flex h-flex-basis h-column__inner h-px-lg-2 h-px-md-2 h-px-2 v-inner-lg-2 v-inner-md-2 v-inner-2 style-668 style-local-321-c12 position-relative\">\n              <!---->\n              <!---->\n              <div class=\"w-100 h-y-container h-column__content h-column__v-align flex-basis-100 align-self-lg-center align-self-md-center align-self-center\">\n                <!---->\n                <div data-colibri-id=\"321-c13\" class=\"d-block style-669 style-local-321-c13 position-relative h-element\">\n                  <!---->\n                  <div class=\"h-image__frame-container-outer\">\n                    <div class=\"h-image__frame-container\">\n                      <!---->\n                      <!---->\n                      <img loading=\"lazy\" decoding=\"async\" width=\"350\" height=\"350\" src=\"http:\/\/kindervillaosnabrueck.de\/cms\/wp-content\/uploads\/2024\/05\/image_manager__frontend_float_img_qr-code_kita-anmeldung.jpg\" class=\"wp-image-323 style-669-image style-local-321-c13-image\" alt=\"\" srcset=\"https:\/\/kindervillaosnabrueck.de\/cms\/wp-content\/uploads\/2024\/05\/image_manager__frontend_float_img_qr-code_kita-anmeldung.jpg 350w, https:\/\/kindervillaosnabrueck.de\/cms\/wp-content\/uploads\/2024\/05\/image_manager__frontend_float_img_qr-code_kita-anmeldung-300x300.jpg 300w, https:\/\/kindervillaosnabrueck.de\/cms\/wp-content\/uploads\/2024\/05\/image_manager__frontend_float_img_qr-code_kita-anmeldung-150x150.jpg 150w\" sizes=\"auto, (max-width: 350px) 100vw, 350px\" \/>\n                      <div class=\"h-image__frame h-hide-lg h-hide-md h-hide-sm style-669-frameImage style-local-321-c13-frameImage\"><\/div>\n                    <\/div>\n                  <\/div>\n                <\/div>\n              <\/div>\n            <\/div>\n          <\/div>\n        <\/div>\n      <\/div>\n      <div data-colibri-id=\"321-c14\" class=\"h-row-container gutters-row-lg-2 gutters-row-md-2 gutters-row-0 gutters-row-v-lg-2 gutters-row-v-md-2 gutters-row-v-2 style-672 style-local-321-c14 position-relative\">\n        <!---->\n        <div class=\"h-row justify-content-lg-center justify-content-md-center justify-content-center align-items-lg-stretch align-items-md-stretch align-items-stretch gutters-col-lg-2 gutters-col-md-2 gutters-col-0 gutters-col-v-lg-2 gutters-col-v-md-2 gutters-col-v-2\">\n          <!---->\n          <div class=\"h-column h-column-container d-flex h-col-lg-auto h-col-md-auto h-col-auto style-673-outer style-local-321-c15-outer\">\n            <div data-colibri-id=\"321-c15\" class=\"d-flex h-flex-basis h-column__inner h-px-lg-2 h-px-md-2 h-px-2 v-inner-lg-2 v-inner-md-2 v-inner-2 style-673 style-local-321-c15 position-relative\">\n              <!---->\n              <!---->\n              <div class=\"w-100 h-y-container h-column__content h-column__v-align flex-basis-100 align-self-lg-start align-self-md-start align-self-start\">\n                <!---->\n                <div data-colibri-id=\"321-c16\" class=\"h-global-transition-all h-heading style-664 style-local-321-c16 position-relative h-element\">\n                  <!---->\n                  <div class=\"h-heading__outer style-664 style-local-321-c16\">\n                    <!---->\n                    <!---->\n                    <h2 class=\"\">Ein Kind nach einem&nbsp;<em style=\"font-family: &quot;Playfair Display&quot;; color: rgb(3, 169, 244);\">Buch<\/em>&nbsp;zu erziehen ist gut, nur braucht man f\u00fcr jedes andere Kind ein anderes&nbsp;<em style=\"font-family: &quot;Playfair Display&quot;; color: rgb(3, 169, 244);\">Buch.<\/em>&nbsp;\n                      <br>(Unbekannter aus Schweden)<\/h2>\n                  <\/div>\n                <\/div>\n              <\/div>\n            <\/div>\n          <\/div>\n        <\/div>\n      <\/div>\n    <\/div>\n  <\/div>\n<\/div>","protected":false},"excerpt":{"rendered":"<p>Das Platzvergabeverfahren Wir freuen uns, dass Sie sich f\u00fcr einen Platz in der Kindervilla interessieren. Damit wir Ihr Kind \/ Ihre Kinder bei der Platzvergabe ber\u00fccksichtigen k\u00f6nnen, ist es wichtig, dass Sie sich online \u00fcber das Portal der Stadt Osnabr\u00fcck anmelden. Dies erreichen Sie \u00fcber folgenden Link:&nbsp; http:\/\/www.osnabrueck.de\/kita-anmeldung&nbsp;oder \u00fcber den nebenstehende OR-Code. Die Kita-Anmeldung ist [&hellip;]<\/p>\n","protected":false},"author":1,"featured_media":0,"parent":0,"menu_order":0,"comment_status":"closed","ping_status":"closed","template":"page-templates\/full-width-page.php","meta":{"footnotes":""},"class_list":["post-321","page","type-page","status-publish","hentry"],"_links":{"self":[{"href":"https:\/\/kindervillaosnabrueck.de\/cms\/wp-json\/wp\/v2\/pages\/321","targetHints":{"allow":["GET"]}}],"collection":[{"href":"https:\/\/kindervillaosnabrueck.de\/cms\/wp-json\/wp\/v2\/pages"}],"about":[{"href":"https:\/\/kindervillaosnabrueck.de\/cms\/wp-json\/wp\/v2\/types\/page"}],"author":[{"embeddable":true,"href":"https:\/\/kindervillaosnabrueck.de\/cms\/wp-json\/wp\/v2\/users\/1"}],"replies":[{"embeddable":true,"href":"https:\/\/kindervillaosnabrueck.de\/cms\/wp-json\/wp\/v2\/comments?post=321"}],"version-history":[{"count":7,"href":"https:\/\/kindervillaosnabrueck.de\/cms\/wp-json\/wp\/v2\/pages\/321\/revisions"}],"predecessor-version":[{"id":1395,"href":"https:\/\/kindervillaosnabrueck.de\/cms\/wp-json\/wp\/v2\/pages\/321\/revisions\/1395"}],"wp:attachment":[{"href":"https:\/\/kindervillaosnabrueck.de\/cms\/wp-json\/wp\/v2\/media?parent=321"}],"curies":[{"name":"wp","href":"https:\/\/api.w.org\/{rel}","templated":true}]}}

Unsere Kita-Plätze

<div data-colibri-id="321-c1" class="style-659 style-local-321-c1 position-relative">
  <!---->
  <div data-colibri-component="section" data-colibri-id="321-c2" id="about" class="h-section h-section-global-spacing d-flex align-items-lg-center align-items-md-center align-items-center style-660 style-local-321-c2 position-relative">
    <!---->
    <!---->
    <div class="h-section-grid-container h-section-boxed-container">
      <!---->
      <div data-colibri-id="321-c6" class="h-row-container gutters-row-lg-2 gutters-row-md-2 gutters-row-2 gutters-row-v-lg-2 gutters-row-v-md-2 gutters-row-v-2 style-661 style-local-321-c6 position-relative">
        <!---->
        <div class="h-row justify-content-lg-center justify-content-md-center justify-content-center align-items-lg-stretch align-items-md-stretch align-items-stretch gutters-col-lg-2 gutters-col-md-2 gutters-col-2 gutters-col-v-lg-2 gutters-col-v-md-2 gutters-col-v-2">
          <!---->
          <div class="h-column h-column-container d-flex h-col-lg-auto h-col-md-auto h-col-auto style-662-outer style-local-321-c7-outer">
            <div data-colibri-id="321-c7" class="d-flex h-flex-basis h-column__inner h-px-lg-2 h-px-md-2 h-px-2 v-inner-lg-2 v-inner-md-2 v-inner-2 style-662 style-local-321-c7 position-relative">
              <!---->
              <!---->
              <div class="w-100 h-y-container h-column__content h-column__v-align flex-basis-100 align-self-lg-center align-self-md-center align-self-center">
                <!---->
                <div data-colibri-id="321-c8" class="h-global-transition-all h-heading style-663 style-local-321-c8 position-relative h-element">
                  <!---->
                  <div class="h-heading__outer style-663 style-local-321-c8">
                    <!---->
                    <!---->
                    <h5 class="">Das Platzvergabeverfahren</h5>
                  </div>
                </div>
                <div data-colibri-id="321-c9" class="h-lead h-text h-text-component style-665 style-local-321-c9 position-relative h-element">
                  <!---->
                  <!---->
                  <div class="">
                    <p>Wir freuen uns, dass Sie sich für einen Platz in der Kindervilla interessieren.</p>
                    <p>Damit wir Ihr Kind / Ihre Kinder bei der Platzvergabe berücksichtigen können, ist es wichtig, dass Sie sich online über das Portal der Stadt Osnabrück anmelden.</p>
                    <p><strong>Dies erreichen Sie über folgenden Link:&nbsp;</strong>
                      <a href="https://www.osnabrueck.de/kita-anmeldung" style="color: rgb(128, 128, 128);" class="customize-unpreviewable"><strong>http://www.osnabrueck.de/kita-anmeldung</strong></a><strong>&nbsp;oder über den nebenstehende OR-Code.</strong></p>
                    <p><strong>Die Kita-Anmeldung ist auch auf der Startseite der Stadt Osnabrück und im Service Portal (</strong>
                      <a href="https://service.osnabrueck.de" style="color: rgb(128, 128, 128);" class="customize-unpreviewable"><strong>service.osnabrueck.de</strong></a><strong>) verlinkt.</strong></p>
                    <p><strong>Zudem erwarten wir ein separates Anschreiben (gerne per Mail an&nbsp;</strong>
                      <a href="mailto:fragen@kindervilla-osnabrueck.de" style="color: rgb(128, 128, 128);"><strong>platzvergabe@kindervilla-osnabrueck.de</strong></a><strong>), in dem Sie uns mehr zu Ihrem Kind und Ihrer familiären Situation mitteilen und aus dem hervorgeht, warum Sie sich für unseren Elternverein entschieden haben.&nbsp;</strong></p>
                    <p>.</p>
                  </div>
                </div>
                <div data-colibri-id="321-c10" class="h-x-container style-666 style-local-321-c10 position-relative h-element">
                  <!---->
                  <div class="h-x-container-inner style-dynamic-321-c10-group style-666-spacing style-local-321-c10-spacing"><span class="h-button__outer style-667-outer style-local-321-c11-outer d-inline-flex h-element"><a h-use-smooth-scroll="true" href="http://www.osnabrueck.de/kita-anmeldung"  data-colibri-id="321-c11" class="d-flex w-100 align-items-center h-button justify-content-lg-center justify-content-md-center justify-content-center style-667 style-local-321-c11 position-relative"><!----><!----> <span>Kita Anmeldung</span></a>
                    </span>
                  </div>
                </div>
              </div>
            </div>
          </div>
          <div class="h-column h-column-container d-flex h-col-lg-auto h-col-md-auto h-col-auto style-668-outer style-local-321-c12-outer">
            <div data-colibri-id="321-c12" class="d-flex h-flex-basis h-column__inner h-px-lg-2 h-px-md-2 h-px-2 v-inner-lg-2 v-inner-md-2 v-inner-2 style-668 style-local-321-c12 position-relative">
              <!---->
              <!---->
              <div class="w-100 h-y-container h-column__content h-column__v-align flex-basis-100 align-self-lg-center align-self-md-center align-self-center">
                <!---->
                <div data-colibri-id="321-c13" class="d-block style-669 style-local-321-c13 position-relative h-element">
                  <!---->
                  <div class="h-image__frame-container-outer">
                    <div class="h-image__frame-container">
                      <!---->
                      <!---->
                      <img loading="lazy" decoding="async" width="350" height="350" src="http://kindervillaosnabrueck.de/cms/wp-content/uploads/2024/05/image_manager__frontend_float_img_qr-code_kita-anmeldung.jpg" class="wp-image-323 style-669-image style-local-321-c13-image" alt="" srcset="https://kindervillaosnabrueck.de/cms/wp-content/uploads/2024/05/image_manager__frontend_float_img_qr-code_kita-anmeldung.jpg 350w, https://kindervillaosnabrueck.de/cms/wp-content/uploads/2024/05/image_manager__frontend_float_img_qr-code_kita-anmeldung-300x300.jpg 300w, https://kindervillaosnabrueck.de/cms/wp-content/uploads/2024/05/image_manager__frontend_float_img_qr-code_kita-anmeldung-150x150.jpg 150w" sizes="auto, (max-width: 350px) 100vw, 350px" />
                      <div class="h-image__frame h-hide-lg h-hide-md h-hide-sm style-669-frameImage style-local-321-c13-frameImage"></div>
                    </div>
                  </div>
                </div>
              </div>
            </div>
          </div>
        </div>
      </div>
      <div data-colibri-id="321-c14" class="h-row-container gutters-row-lg-2 gutters-row-md-2 gutters-row-0 gutters-row-v-lg-2 gutters-row-v-md-2 gutters-row-v-2 style-672 style-local-321-c14 position-relative">
        <!---->
        <div class="h-row justify-content-lg-center justify-content-md-center justify-content-center align-items-lg-stretch align-items-md-stretch align-items-stretch gutters-col-lg-2 gutters-col-md-2 gutters-col-0 gutters-col-v-lg-2 gutters-col-v-md-2 gutters-col-v-2">
          <!---->
          <div class="h-column h-column-container d-flex h-col-lg-auto h-col-md-auto h-col-auto style-673-outer style-local-321-c15-outer">
            <div data-colibri-id="321-c15" class="d-flex h-flex-basis h-column__inner h-px-lg-2 h-px-md-2 h-px-2 v-inner-lg-2 v-inner-md-2 v-inner-2 style-673 style-local-321-c15 position-relative">
              <!---->
              <!---->
              <div class="w-100 h-y-container h-column__content h-column__v-align flex-basis-100 align-self-lg-start align-self-md-start align-self-start">
                <!---->
                <div data-colibri-id="321-c16" class="h-global-transition-all h-heading style-664 style-local-321-c16 position-relative h-element">
                  <!---->
                  <div class="h-heading__outer style-664 style-local-321-c16">
                    <!---->
                    <!---->
                    <h2 class="">Ein Kind nach einem&nbsp;<em style="font-family: &quot;Playfair Display&quot;; color: rgb(3, 169, 244);">Buch</em>&nbsp;zu erziehen ist gut, nur braucht man für jedes andere Kind ein anderes&nbsp;<em style="font-family: &quot;Playfair Display&quot;; color: rgb(3, 169, 244);">Buch.</em>&nbsp;
                      <br>(Unbekannter aus Schweden)</h2>
                  </div>
                </div>
              </div>
            </div>
          </div>
        </div>
      </div>
    </div>
  </div>
</div>

<p>Das Platzvergabeverfahren Wir freuen uns, dass Sie sich für einen Platz in der Kindervilla interessieren. Damit wir Ihr Kind / Ihre Kinder bei der Platzvergabe berücksichtigen können, ist es wichtig, dass Sie sich online über das Portal der Stadt Osnabrück anmelden. Dies erreichen Sie über folgenden Link:&nbsp; http://www.osnabrueck.de/kita-anmeldung&nbsp;oder über den nebenstehende OR-Code. Die Kita-Anmeldung ist [&hellip;]</p>
