{"id":29,"date":"2024-05-05T11:47:30","date_gmt":"2024-05-05T09:47:30","guid":{"rendered":"http:\/\/kindervillaosnabrueck.de\/cms\/?page_id=29"},"modified":"2025-11-04T06:51:25","modified_gmt":"2025-11-04T05:51:25","slug":"unsere-kindervilla","status":"publish","type":"page","link":"https:\/\/kindervillaosnabrueck.de\/cms\/unsere-kindervilla\/","title":{"rendered":"Unsere Kindervilla"},"content":{"rendered":"<div data-colibri-id=\"29-c1\" class=\"style-899 style-local-29-c1 position-relative\">\n  <!---->\n  <div data-colibri-component=\"section\" data-colibri-id=\"29-c2\" id=\"initial-content\" class=\"h-section h-section-global-spacing d-flex align-items-lg-center align-items-md-center align-items-center style-900 style-local-29-c2 position-relative\">\n    <!---->\n    <!---->\n    <div class=\"h-section-grid-container h-section-boxed-container\">\n      <div data-colibri-id=\"29-c8\" class=\"h-row-container gutters-row-lg-2 gutters-row-md-2 gutters-row-0 gutters-row-v-lg-2 gutters-row-v-md-2 gutters-row-v-2 style-1316 style-local-29-c8 position-relative\">\n        <!---->\n        <div class=\"h-row justify-content-lg-center justify-content-md-center justify-content-center align-items-lg-stretch align-items-md-stretch align-items-stretch gutters-col-lg-2 gutters-col-md-2 gutters-col-0 gutters-col-v-lg-2 gutters-col-v-md-2 gutters-col-v-2\">\n          <!---->\n          <div class=\"h-column h-column-container d-flex h-col-lg-auto h-col-md-auto h-col-auto style-1317-outer style-local-29-c9-outer\">\n            <div data-colibri-id=\"29-c9\" class=\"d-flex h-flex-basis h-column__inner h-px-lg-2 h-px-md-2 h-px-2 v-inner-lg-2 v-inner-md-2 v-inner-2 style-1317 style-local-29-c9 position-relative\">\n              <!---->\n              <!---->\n              <div class=\"w-100 h-y-container h-column__content h-column__v-align flex-basis-100 align-self-lg-start align-self-md-start align-self-start\">\n                <!---->\n                <div data-colibri-id=\"29-c10\" class=\"h-global-transition-all h-heading style-1318 style-local-29-c10 position-relative h-element\">\n                  <!---->\n                  <div class=\"h-heading__outer style-1318 style-local-29-c10\">\n                    <!---->\n                    <!---->\n                    <h1 class=\"\">Unsere Kindervilla<\/h1>\n                  <\/div>\n                <\/div>\n              <\/div>\n            <\/div>\n          <\/div>\n        <\/div>\n      <\/div>\n      <div data-colibri-id=\"29-c3\" class=\"h-row-container gutters-row-lg-2 gutters-row-md-2 gutters-row-0 gutters-row-v-lg-2 gutters-row-v-md-2 gutters-row-v-2 style-901 style-local-29-c3 position-relative\">\n        <!---->\n        <div class=\"h-row justify-content-lg-center justify-content-md-center justify-content-center align-items-lg-stretch align-items-md-stretch align-items-stretch gutters-col-lg-2 gutters-col-md-2 gutters-col-0 gutters-col-v-lg-2 gutters-col-v-md-2 gutters-col-v-2\">\n          <!---->\n          <div class=\"h-column h-column-container d-flex h-col-lg-6 h-col-md-6 h-col-12 style-902-outer style-local-29-c4-outer\">\n            <div data-colibri-id=\"29-c4\" class=\"d-flex h-flex-basis h-column__inner h-px-lg-1 h-px-md-1 h-px-1 v-inner-lg-1 v-inner-md-1 v-inner-1 style-902 style-local-29-c4 position-relative\">\n              <!---->\n              <!---->\n              <div class=\"w-100 h-y-container h-column__content h-column__v-align flex-basis-100 align-self-lg-start align-self-md-start align-self-start\">\n                <!---->\n                <div data-colibri-id=\"29-c5\" class=\"h-text h-text-component style-926 style-local-29-c5 position-relative h-element\">\n                  <!---->\n                  <!---->\n                  <div class=\"\">\n                    <h3>Betreuung, die Spa\u00df macht und f\u00f6rdert<\/h3>\n                    <p>Projektorientierte Betreuung, Bildung und Erziehung findet in unseren sieben&nbsp;\n                      <a href=\"https:\/\/kindervillaosnabrueck.de\/cms\/colibri-896\">Schwerpunktbereichen<\/a>&nbsp;statt.&nbsp;Durch zus\u00e4tzliche und regelm\u00e4\u00dfige Angebote, wie musikalische Fr\u00fchf\u00f6rderung, Wassergew\u00f6hnung, Ausfl\u00fcge und Turnhallenbesuche, gewinnt die t\u00e4gliche Arbeit an Vielfalt.<\/p>\n                    <h3>Ganztagsbetreuung bis zur Einschulung<\/h3>\n                    <p>Wir betreuen Kinder im Alter von&nbsp;vier Monaten bis&nbsp;zur Einschulung&nbsp;in einer Krippen-&nbsp;und zwei alters\u00fcbergreifenden Gruppen.<\/p>\n                    <h3>\u00d6ffnungszeiten<\/h3>\n                    <p>Die Ganztagsbetreuung beinhaltet grunds\u00e4tzlich die Zeit von 8.00 \u2013 16.00 Uhr. Auch w\u00e4hrend den Sonder\u00f6ffnungszeiten von 7.30 \u2013 8.00 Uhr&nbsp;und von 16.00 \u2013&nbsp;17.00 Uhr sind unsere Kinder nach dem indivdiuellen Bedarf der Familien&nbsp;in\n                      der Kindervilla gut aufgehoben.\n                      <br>Aktuell k\u00f6nnen wir jedoch aufgrund von zu wenig Bedarf keinen Sp\u00e4tdienst anbieten.<\/p>\n                    <h3>Gesundes Essen<\/h3>\n                    <p>Das Mittagessen ist neben dem Fr\u00fchst\u00fcck und einem Nachmittagsimbiss,&nbsp;eine der drei Mahlzeiten, die t\u00e4glich kindgerecht und ern\u00e4hrungsbewusst von unserer K\u00f6chin frisch zubereitet wird. So entf\u00e4llt das t\u00e4gliche Packen der Kindergartentasche.<\/p>\n                    <p>\n                      <br>\n                    <\/p>\n                  <\/div>\n                <\/div>\n              <\/div>\n            <\/div>\n          <\/div>\n          <div class=\"h-column h-column-container d-flex h-col-lg-6 h-col-md-6 h-col-12 style-914-outer style-local-29-c6-outer\">\n            <div data-colibri-id=\"29-c6\" class=\"d-flex h-flex-basis h-column__inner h-px-lg-2 h-px-md-2 h-px-2 v-inner-lg-2 v-inner-md-2 v-inner-2 style-914 style-local-29-c6 position-relative\">\n              <!---->\n              <!---->\n              <div class=\"w-100 h-y-container h-column__content h-column__v-align flex-basis-100 align-self-lg-start align-self-md-start align-self-start\">\n                <!---->\n                <div data-colibri-id=\"29-c7\" class=\"d-block style-915 style-local-29-c7 position-relative h-element\">\n                  <!---->\n                  <div class=\"h-image__frame-container-outer\">\n                    <div class=\"h-image__frame-container\">\n                      <!---->\n                      <!---->\n                      <img loading=\"lazy\" decoding=\"async\" width=\"1840\" height=\"1840\" src=\"http:\/\/kindervillaosnabrueck.de\/cms\/wp-content\/uploads\/2024\/05\/cropped-rivage-TJxotQTUr8o-unsplash-scaled-1.jpg\" class=\"wp-image-678 style-915-image style-local-29-c7-image\" alt=\"\" srcset=\"https:\/\/kindervillaosnabrueck.de\/cms\/wp-content\/uploads\/2024\/05\/cropped-rivage-TJxotQTUr8o-unsplash-scaled-1.jpg 1840w, https:\/\/kindervillaosnabrueck.de\/cms\/wp-content\/uploads\/2024\/05\/cropped-rivage-TJxotQTUr8o-unsplash-scaled-1-300x300.jpg 300w, https:\/\/kindervillaosnabrueck.de\/cms\/wp-content\/uploads\/2024\/05\/cropped-rivage-TJxotQTUr8o-unsplash-scaled-1-1024x1024.jpg 1024w, https:\/\/kindervillaosnabrueck.de\/cms\/wp-content\/uploads\/2024\/05\/cropped-rivage-TJxotQTUr8o-unsplash-scaled-1-150x150.jpg 150w, https:\/\/kindervillaosnabrueck.de\/cms\/wp-content\/uploads\/2024\/05\/cropped-rivage-TJxotQTUr8o-unsplash-scaled-1-768x768.jpg 768w, https:\/\/kindervillaosnabrueck.de\/cms\/wp-content\/uploads\/2024\/05\/cropped-rivage-TJxotQTUr8o-unsplash-scaled-1-1536x1536.jpg 1536w\" sizes=\"auto, (max-width: 1840px) 100vw, 1840px\" \/>\n                      <div class=\"h-image__frame h-image__frame_shadow style-915-frameImage style-local-29-c7-frameImage\"><\/div>\n                    <\/div>\n                  <\/div>\n                <\/div>\n              <\/div>\n            <\/div>\n          <\/div>\n        <\/div>\n      <\/div>\n    <\/div>\n  <\/div>\n  <div data-colibri-component=\"section\" data-colibri-id=\"29-c11\" id=\"about\" class=\"h-section h-section-global-spacing d-flex align-items-lg-center align-items-md-center align-items-center style-904 style-local-29-c11 position-relative\">\n    <!---->\n    <!---->\n    <div class=\"h-section-grid-container h-section-boxed-container\">\n      <!---->\n      <div data-colibri-id=\"29-c12\" class=\"h-row-container gutters-row-lg-2 gutters-row-md-2 gutters-row-2 gutters-row-v-lg-2 gutters-row-v-md-2 gutters-row-v-2 style-905 style-local-29-c12 position-relative\">\n        <!---->\n        <div class=\"h-row justify-content-lg-center justify-content-md-center justify-content-center align-items-lg-stretch align-items-md-stretch align-items-stretch gutters-col-lg-2 gutters-col-md-2 gutters-col-2 gutters-col-v-lg-2 gutters-col-v-md-2 gutters-col-v-2\">\n          <!---->\n          <div class=\"h-column h-column-container d-flex h-col-lg-6 h-col-md-6 h-col-12 style-912-outer style-local-29-c13-outer\">\n            <div data-colibri-id=\"29-c13\" class=\"d-flex h-flex-basis h-column__inner h-px-lg-2 h-px-md-2 h-px-2 v-inner-lg-2 v-inner-md-2 v-inner-2 style-912 style-local-29-c13 position-relative\">\n              <!---->\n              <!---->\n              <div class=\"w-100 h-y-container h-column__content h-column__v-align flex-basis-100 align-self-lg-center align-self-md-center align-self-center\">\n                <!---->\n                <div data-colibri-id=\"29-c14\" class=\"d-block style-913 style-local-29-c14 position-relative h-element\">\n                  <!---->\n                  <div class=\"h-image__frame-container-outer\">\n                    <div class=\"h-image__frame-container\">\n                      <!---->\n                      <!---->\n                      <img loading=\"lazy\" decoding=\"async\" width=\"2048\" height=\"2560\" src=\"http:\/\/kindervillaosnabrueck.de\/cms\/wp-content\/uploads\/2024\/06\/dario-veronesi-_G4eAbP4SI4-unsplash-1-scaled.jpg\" class=\"wp-image-560 style-913-image style-local-29-c14-image\" alt=\"\" srcset=\"https:\/\/kindervillaosnabrueck.de\/cms\/wp-content\/uploads\/2024\/06\/dario-veronesi-_G4eAbP4SI4-unsplash-1-scaled.jpg 2048w, https:\/\/kindervillaosnabrueck.de\/cms\/wp-content\/uploads\/2024\/06\/dario-veronesi-_G4eAbP4SI4-unsplash-1-240x300.jpg 240w, https:\/\/kindervillaosnabrueck.de\/cms\/wp-content\/uploads\/2024\/06\/dario-veronesi-_G4eAbP4SI4-unsplash-1-819x1024.jpg 819w, https:\/\/kindervillaosnabrueck.de\/cms\/wp-content\/uploads\/2024\/06\/dario-veronesi-_G4eAbP4SI4-unsplash-1-768x960.jpg 768w, https:\/\/kindervillaosnabrueck.de\/cms\/wp-content\/uploads\/2024\/06\/dario-veronesi-_G4eAbP4SI4-unsplash-1-1229x1536.jpg 1229w, https:\/\/kindervillaosnabrueck.de\/cms\/wp-content\/uploads\/2024\/06\/dario-veronesi-_G4eAbP4SI4-unsplash-1-1638x2048.jpg 1638w\" sizes=\"auto, (max-width: 2048px) 100vw, 2048px\" \/>\n                      <div class=\"h-image__frame h-image__frame_shadow h-hide-sm style-913-frameImage style-local-29-c14-frameImage\"><\/div>\n                    <\/div>\n                  <\/div>\n                <\/div>\n              <\/div>\n            <\/div>\n          <\/div>\n          <div class=\"h-column h-column-container d-flex h-col-lg-6 h-col-md-6 h-col-12 style-906-outer style-local-29-c15-outer\">\n            <div data-colibri-id=\"29-c15\" class=\"d-flex h-flex-basis h-column__inner h-px-lg-2 h-px-md-2 h-px-2 v-inner-lg-2 v-inner-md-2 v-inner-2 style-906 style-local-29-c15 position-relative\">\n              <!---->\n              <!---->\n              <div class=\"w-100 h-y-container h-column__content h-column__v-align flex-basis-100 align-self-lg-center align-self-md-center align-self-center\">\n                <!---->\n                <div data-colibri-id=\"29-c16\" class=\"h-global-transition-all h-heading style-908 style-local-29-c16 position-relative h-element\">\n                  <!---->\n                  <div class=\"h-heading__outer style-908 style-local-29-c16\">\n                    <!---->\n                    <!---->\n                    <h2 class=\"\">In Reggio sind Kinderg\u00e4rten und Krippen eine Art Aquarium:\n                      <br>Man kann jederzeit hinaussehen, und von drau\u00dfen haben alle Einblick, um zu verstehen, was da drinnen geschieht.\n                      <br>(Sommer)<\/h2>\n                  <\/div>\n                <\/div>\n                <div data-colibri-id=\"29-c17\" class=\"h-lead h-text h-text-component style-909 style-local-29-c17 position-relative h-element\">\n                  <!---->\n                  <!---->\n                  <div class=\"\">\n                    <p>Unsere Kita befindet sich in einer historischen Villa im Herzen der Osnabr\u00fccker Innenstadt. Das Geb\u00e4ude wurde 2008 f\u00fcr den Kita-Betrieb umgestaltet. Der wohnliche Charakter l\u00e4dt zum Wohlf\u00fchlen ein und in den \u201esprechenden W\u00e4nden\u201c&nbsp;spiegelt\n                      sich die t\u00e4gliche p\u00e4dagogische Arbeit wider.<\/p>\n                    <p>Die Kindervilla&nbsp;wurde von motivierten Eltern initiiert und wird bis heute von ihnen&nbsp;\n                      <a href=\"http:\/\/kindervillaosnabrueck.de\/cms\/unsere-organisation\">gef\u00fchrt und getragen<\/a>. So wurde durch ihre Initiative z.B. im Jahr 2011 der Garten neu angelegt. Seither wird er als gr\u00fcne Oase von Kindern, Erzieherinnen und Eltern gleicherma\u00dfen gesch\u00e4tzt.<\/p>\n                    <p>In Anlehnung an die Reggio-P\u00e4dagogik betreut, erzieht und bildet&nbsp;das&nbsp;qualifizierte Team bis zu&nbsp;50 Kinder. Die positive Kultur und Atmosph\u00e4re sind im t\u00e4glichen Miteinander von Kindern, Erzieherinnen und Eltern sp\u00fcrbar!<\/p>\n                    <p>\n                      <br>\n                    <\/p>\n                  <\/div>\n                <\/div>\n              <\/div>\n            <\/div>\n          <\/div>\n        <\/div>\n      <\/div>\n    <\/div>\n  <\/div>\n<\/div>","protected":false},"excerpt":{"rendered":"<p>Unsere Kindervilla Betreuung, die Spa\u00df macht und f\u00f6rdert Projektorientierte Betreuung, Bildung und Erziehung findet in unseren sieben&nbsp; Schwerpunktbereichen&nbsp;statt.&nbsp;Durch zus\u00e4tzliche und regelm\u00e4\u00dfige Angebote, wie musikalische Fr\u00fchf\u00f6rderung, Wassergew\u00f6hnung, Ausfl\u00fcge und Turnhallenbesuche, gewinnt die t\u00e4gliche Arbeit an Vielfalt. Ganztagsbetreuung bis zur Einschulung Wir betreuen Kinder im Alter von&nbsp;vier Monaten bis&nbsp;zur Einschulung&nbsp;in einer Krippen-&nbsp;und zwei alters\u00fcbergreifenden Gruppen. \u00d6ffnungszeiten Die [&hellip;]<\/p>\n","protected":false},"author":1,"featured_media":0,"parent":0,"menu_order":0,"comment_status":"closed","ping_status":"closed","template":"page-templates\/full-width-page.php","meta":{"footnotes":""},"class_list":["post-29","page","type-page","status-publish","hentry"],"_links":{"self":[{"href":"https:\/\/kindervillaosnabrueck.de\/cms\/wp-json\/wp\/v2\/pages\/29","targetHints":{"allow":["GET"]}}],"collection":[{"href":"https:\/\/kindervillaosnabrueck.de\/cms\/wp-json\/wp\/v2\/pages"}],"about":[{"href":"https:\/\/kindervillaosnabrueck.de\/cms\/wp-json\/wp\/v2\/types\/page"}],"author":[{"embeddable":true,"href":"https:\/\/kindervillaosnabrueck.de\/cms\/wp-json\/wp\/v2\/users\/1"}],"replies":[{"embeddable":true,"href":"https:\/\/kindervillaosnabrueck.de\/cms\/wp-json\/wp\/v2\/comments?post=29"}],"version-history":[{"count":13,"href":"https:\/\/kindervillaosnabrueck.de\/cms\/wp-json\/wp\/v2\/pages\/29\/revisions"}],"predecessor-version":[{"id":1509,"href":"https:\/\/kindervillaosnabrueck.de\/cms\/wp-json\/wp\/v2\/pages\/29\/revisions\/1509"}],"wp:attachment":[{"href":"https:\/\/kindervillaosnabrueck.de\/cms\/wp-json\/wp\/v2\/media?parent=29"}],"curies":[{"name":"wp","href":"https:\/\/api.w.org\/{rel}","templated":true}]}}