{"id":246,"date":"2024-05-05T19:10:18","date_gmt":"2024-05-05T17:10:18","guid":{"rendered":"http:\/\/kindervillaosnabrueck.de\/cms\/?page_id=246"},"modified":"2024-06-21T11:03:59","modified_gmt":"2024-06-21T09:03:59","slug":"colibri-246","status":"publish","type":"page","link":"https:\/\/kindervillaosnabrueck.de\/cms\/colibri-246\/","title":{"rendered":"Unsere Gruppen"},"content":{"rendered":"<div data-colibri-id=\"246-c1\" class=\"style-368 style-local-246-c1 position-relative\">\n  <!---->\n  <div data-colibri-component=\"section\" data-colibri-id=\"246-c2\" id=\"about\" class=\"h-section h-section-global-spacing d-flex align-items-lg-center align-items-md-center align-items-center style-369 style-local-246-c2 position-relative\">\n    <!---->\n    <!---->\n    <div class=\"h-section-grid-container h-section-boxed-container\">\n      <!---->\n      <div data-colibri-id=\"246-c3\" class=\"h-row-container gutters-row-lg-0 gutters-row-md-0 gutters-row-0 gutters-row-v-lg-0 gutters-row-v-md-0 gutters-row-v-0 style-370 style-local-246-c3 position-relative\">\n        <!---->\n        <div class=\"h-row justify-content-lg-center justify-content-md-center justify-content-center align-items-lg-stretch align-items-md-stretch align-items-stretch gutters-col-lg-0 gutters-col-md-0 gutters-col-0 gutters-col-v-lg-0 gutters-col-v-md-0 gutters-col-v-0\">\n          <!---->\n          <div class=\"h-column h-column-container d-flex h-col-lg-auto h-col-md-auto h-col-auto style-371-outer style-local-246-c4-outer\">\n            <div data-colibri-id=\"246-c4\" class=\"d-flex h-flex-basis h-column__inner h-px-lg-0 h-px-md-0 h-px-0 v-inner-lg-0 v-inner-md-0 v-inner-0 style-371 style-local-246-c4 position-relative\">\n              <!---->\n              <!---->\n              <div class=\"w-100 h-y-container h-column__content h-column__v-align flex-basis-100 align-self-lg-start align-self-md-start align-self-start\">\n                <!---->\n                <div data-colibri-id=\"246-c5\" class=\"h-global-transition-all h-heading style-372 style-local-246-c5 position-relative h-element\">\n                  <!---->\n                  <div class=\"h-heading__outer style-372 style-local-246-c5\">\n                    <!---->\n                    <!---->\n                    <h5 class=\"\">Unsere Gruppen<\/h5>\n                  <\/div>\n                <\/div>\n                <div data-colibri-id=\"246-c6\" class=\"h-global-transition-all h-heading style-373 style-local-246-c6 position-relative h-element\">\n                  <!---->\n                  <div class=\"h-heading__outer style-373 style-local-246-c6\">\n                    <!---->\n                    <!---->\n                    <h2 class=\"\">Die Krippengruppe<\/h2>\n                  <\/div>\n                <\/div>\n                <div data-colibri-id=\"246-c7\" class=\"h-text h-text-component style-374 style-local-246-c7 position-relative h-element\">\n                  <!---->\n                  <!---->\n                  <div class=\"\">\n                    <p>Im Erdgeschoss der Kindervilla ist unsere Krippengruppe f\u00fcr bis zu 15 Kinder zwischen vier Monaten und drei Jahren. Der Tagesablauf orientiert sich an unseren Kindern: Nach dem gleitenden Fr\u00fchst\u00fcck gestalten die Erzieher:innen mit\n                      den Kindern je nach den&nbsp;Bed\u00fcrfnissen und aktuellen Projekten die Freispielphase. Ausfl\u00fcge zu Spielpl\u00e4tzen der Umgebung, dem Markt und der Stadtbibliothek geh\u00f6ren zu den beliebtesten Unternehmungen.<\/p>\n                    <p>In dieser Altersgruppe&nbsp;haben Alltagssituationen wie&nbsp;die Pflege, das&nbsp;Schlafen und das Essen&nbsp;einen besonderen Stellenwert. Diese Bed\u00fcrfnisse werden individuell befriedigt und mit den Eltern abgestimmt.<\/p>\n                    <p>\n                      <br>\n                    <\/p>\n                  <\/div>\n                <\/div>\n              <\/div>\n            <\/div>\n          <\/div>\n          <div class=\"h-column h-column-container d-flex h-col-lg-auto h-col-md-auto h-col-auto style-375-outer style-local-246-c8-outer\">\n            <div data-colibri-id=\"246-c8\" class=\"d-flex h-flex-basis h-column__inner h-ui-empty-state-container h-px-lg-2 h-px-md-2 h-px-2 v-inner-lg-2 v-inner-md-2 v-inner-2 style-375 style-local-246-c8 position-relative\">\n              <!---->\n              <!---->\n              <div class=\"w-100 h-y-container h-column__content h-column__v-align flex-basis-100\">\n                <!---->\n              <\/div>\n            <\/div>\n          <\/div>\n        <\/div>\n      <\/div>\n    <\/div>\n  <\/div>\n  <div data-colibri-component=\"section\" data-colibri-id=\"246-c9\" id=\"about-2\" class=\"h-section h-section-global-spacing d-flex align-items-lg-center align-items-md-center align-items-center style-376 style-local-246-c9 position-relative\">\n    <!---->\n    <!---->\n    <div class=\"h-section-grid-container h-section-boxed-container\">\n      <!---->\n      <div data-colibri-id=\"246-c10\" class=\"h-row-container gutters-row-lg-0 gutters-row-md-0 gutters-row-0 gutters-row-v-lg-0 gutters-row-v-md-0 gutters-row-v-0 style-377 style-local-246-c10 position-relative\">\n        <!---->\n        <div class=\"h-row justify-content-lg-center justify-content-md-center justify-content-center align-items-lg-stretch align-items-md-stretch align-items-stretch gutters-col-lg-0 gutters-col-md-0 gutters-col-0 gutters-col-v-lg-0 gutters-col-v-md-0 gutters-col-v-0\">\n          <!---->\n          <div class=\"h-column h-column-container d-flex h-col-lg-auto h-col-md-auto h-col-auto style-378-outer style-local-246-c11-outer\">\n            <div data-colibri-id=\"246-c11\" class=\"d-flex h-flex-basis h-column__inner h-ui-empty-state-container h-px-lg-0 h-px-md-0 h-px-0 v-inner-lg-0 v-inner-md-0 v-inner-0 style-378 style-local-246-c11 position-relative\">\n              <!---->\n              <!---->\n              <div class=\"w-100 h-y-container h-column__content h-column__v-align flex-basis-100\">\n                <!---->\n              <\/div>\n            <\/div>\n          <\/div>\n          <div class=\"h-column h-column-container d-flex h-col-lg-auto h-col-md-auto h-col-auto style-379-outer style-local-246-c12-outer\">\n            <div data-colibri-id=\"246-c12\" class=\"d-flex h-flex-basis h-column__inner h-px-lg-2 h-px-md-2 h-px-2 v-inner-lg-2 v-inner-md-2 v-inner-2 style-379 style-local-246-c12 position-relative\">\n              <!---->\n              <!---->\n              <div class=\"w-100 h-y-container h-column__content h-column__v-align flex-basis-100 align-self-lg-start align-self-md-start align-self-start\">\n                <!---->\n                <div data-colibri-id=\"246-c13\" class=\"h-global-transition-all h-heading style-380 style-local-246-c13 position-relative h-element\">\n                  <!---->\n                  <div class=\"h-heading__outer style-380 style-local-246-c13\">\n                    <!---->\n                    <!---->\n                    <h5 class=\"\">Unsere Gruppen<\/h5>\n                  <\/div>\n                <\/div>\n                <div data-colibri-id=\"246-c14\" class=\"h-global-transition-all h-heading style-381 style-local-246-c14 position-relative h-element\">\n                  <!---->\n                  <div class=\"h-heading__outer style-381 style-local-246-c14\">\n                    <!---->\n                    <!---->\n                    <h2 class=\"\">Die alters- \u00fcbergreifenden Gruppen<\/h2>\n                  <\/div>\n                <\/div>\n                <div data-colibri-id=\"246-c15\" class=\"h-text h-text-component style-382 style-local-246-c15 position-relative h-element\">\n                  <!---->\n                  <!---->\n                  <div class=\"\">\n                    <p>Die bis zu 35 Kinder aus den beiden alters\u00fcbergreifenden Gruppen verteilen sich nach dem gleitenden Fr\u00fchst\u00fcck in die sieben Schwerpunktbereiche.\n                      <br>Dort agieren sie eigeninitiativ in Begleitung der Erzieher:innen oder bringen sich in die aktuellen Projekte ein. Diese Phase wird unterbrochen vom Mittagessen mit anschlie\u00dfender Ruhestunde, in der kindgerechte Angebote zur Entspannung\n                      gemacht werden.\n                      <br>Die umliegende Innenstadt von Osnabr\u00fcck wird als Entdeckungs- und Lernraum kontinuierlich in Ausfl\u00fcge und Projekte integriert.<\/p>\n                  <\/div>\n                <\/div>\n              <\/div>\n            <\/div>\n          <\/div>\n        <\/div>\n      <\/div>\n    <\/div>\n  <\/div>\n  <div data-colibri-component=\"section\" data-colibri-id=\"246-c16\" id=\"about-4\" class=\"h-section h-section-global-spacing d-flex align-items-lg-center align-items-md-center align-items-center style-407 style-local-246-c16 position-relative\">\n    <!---->\n    <!---->\n    <div class=\"h-section-grid-container h-section-boxed-container\">\n      <!---->\n      <div data-colibri-id=\"246-c17\" class=\"h-row-container gutters-row-lg-2 gutters-row-md-2 gutters-row-2 gutters-row-v-lg-2 gutters-row-v-md-2 gutters-row-v-2 style-408 style-local-246-c17 position-relative\">\n        <!---->\n        <div class=\"h-row justify-content-lg-center justify-content-md-center justify-content-center align-items-lg-stretch align-items-md-stretch align-items-stretch gutters-col-lg-2 gutters-col-md-2 gutters-col-2 gutters-col-v-lg-2 gutters-col-v-md-2 gutters-col-v-2\">\n          <!---->\n          <div class=\"h-column h-column-container d-flex h-col-lg-auto h-col-md-auto h-col-auto style-409-outer style-local-246-c18-outer\">\n            <div data-colibri-id=\"246-c18\" class=\"d-flex h-flex-basis h-column__inner h-px-lg-2 h-px-md-2 h-px-2 v-inner-lg-2 v-inner-md-2 v-inner-2 style-409 style-local-246-c18 position-relative\">\n              <!---->\n              <!---->\n              <div class=\"w-100 h-y-container h-column__content h-column__v-align flex-basis-100 align-self-lg-center align-self-md-center align-self-center\">\n                <!---->\n                <div data-colibri-id=\"246-c19\" class=\"h-global-transition-all h-heading style-410 style-local-246-c19 position-relative h-element\">\n                  <!---->\n                  <div class=\"h-heading__outer style-410 style-local-246-c19\">\n                    <!---->\n                    <!---->\n                    <h5 class=\"\">Loris Malaguzzi sagte einst&#8230;<\/h5>\n                  <\/div>\n                <\/div>\n                <div data-colibri-id=\"246-c20\" class=\"h-global-transition-all h-heading style-411 style-local-246-c20 position-relative h-element\">\n                  <!---->\n                  <div class=\"h-heading__outer style-411 style-local-246-c20\">\n                    <!---->\n                    <!---->\n                    <h2 class=\"\">Ein Kind hat&nbsp;<em style=\"color: rgb(3, 169, 244); font-family: &quot;Playfair Display&quot;;\">100 Sprachen,<\/em>&nbsp;<em style=\"color: rgb(3, 169, 244); font-family: &quot;Playfair Display&quot;;\">100 H\u00e4nde, 100 Gedanken, 100 Weisen<\/em>&nbsp;zu\n                      denken<\/h2>\n                  <\/div>\n                <\/div>\n                <div data-colibri-id=\"246-c21\" class=\"h-lead h-text h-text-component style-412 style-local-246-c21 position-relative h-element\">\n                  <!---->\n                  <!---->\n                  <div class=\"\">\n                    <p>Immer 100 Weisen zuzuh\u00f6ren, zu staunen und zu lieben 100 Weisen zu singen und zu verstehen 100 Welten zu entdecken 100 Welten zu erfinden 100 Welten zu tr\u00e4umen<\/p>\n                    <p>Ein Kind hat 100 Sprachen, doch es werden ihm 99 geraubt. Die Schule und die Umwelt trennen ihm den Kopf vom K\u00f6rper. Sie bringen ihm bei, ohne H\u00e4nde zu denken ohne Kopf zu handeln ohne Vergn\u00fcgen zu verstehen ohne Sprechen zuzuh\u00f6ren\n                      nur Ostern und Weihnachten zu lieben und zu staunen.<\/p>\n                    <p>Sie sagen ihm, dass die Welt bereits entdeckt ist und von 100 Sprachen rauben sie dem Kind 99. Sie sagen ihm, dass das Spielen und die Arbeit die Wirklichkeit und die Phantasie die Wissenschaft und die Vorstellungskraft der Himmel\n                      und die Erde die Vernunft und der Traum Dinge sind, die nicht zusammengeh\u00f6ren.<\/p>\n                    <p>Sie sagen also, dass es die 100 nicht gibt. Und das Kind sagt: Aber es gibt sie doch.<\/p>\n                  <\/div>\n                <\/div>\n              <\/div>\n            <\/div>\n          <\/div>\n          <div class=\"h-column h-column-container d-flex h-col-lg-auto h-col-md-auto h-col-auto style-415-outer style-local-246-c24-outer\">\n            <div data-colibri-id=\"246-c24\" class=\"d-flex h-flex-basis h-column__inner h-px-lg-2 h-px-md-2 h-px-2 v-inner-lg-2 v-inner-md-2 v-inner-2 style-415 style-local-246-c24 position-relative\">\n              <!---->\n              <!---->\n              <div class=\"w-100 h-y-container h-column__content h-column__v-align flex-basis-100 align-self-lg-center align-self-md-center align-self-center\">\n                <!---->\n                <div data-colibri-id=\"246-c25\" class=\"d-block style-416 style-local-246-c25 position-relative h-element\">\n                  <!---->\n                  <div class=\"h-image__frame-container-outer\">\n                    <div class=\"h-image__frame-container\">\n                      <!---->\n                      <!---->\n                      <img loading=\"lazy\" decoding=\"async\" width=\"1600\" height=\"1599\" src=\"http:\/\/kindervillaosnabrueck.de\/cms\/wp-content\/uploads\/2024\/05\/cropped-alexander-grey-O2u6gA2esAI-unsplash.jpg\" class=\"wp-image-159 style-416-image style-local-246-c25-image\" alt=\"\" srcset=\"https:\/\/kindervillaosnabrueck.de\/cms\/wp-content\/uploads\/2024\/05\/cropped-alexander-grey-O2u6gA2esAI-unsplash.jpg 1600w, https:\/\/kindervillaosnabrueck.de\/cms\/wp-content\/uploads\/2024\/05\/cropped-alexander-grey-O2u6gA2esAI-unsplash-300x300.jpg 300w, https:\/\/kindervillaosnabrueck.de\/cms\/wp-content\/uploads\/2024\/05\/cropped-alexander-grey-O2u6gA2esAI-unsplash-1024x1024.jpg 1024w, https:\/\/kindervillaosnabrueck.de\/cms\/wp-content\/uploads\/2024\/05\/cropped-alexander-grey-O2u6gA2esAI-unsplash-150x150.jpg 150w, https:\/\/kindervillaosnabrueck.de\/cms\/wp-content\/uploads\/2024\/05\/cropped-alexander-grey-O2u6gA2esAI-unsplash-768x768.jpg 768w, https:\/\/kindervillaosnabrueck.de\/cms\/wp-content\/uploads\/2024\/05\/cropped-alexander-grey-O2u6gA2esAI-unsplash-1536x1536.jpg 1536w\" sizes=\"auto, (max-width: 1600px) 100vw, 1600px\" \/>\n                      <div class=\"h-image__frame h-hide-sm style-416-frameImage style-local-246-c25-frameImage\"><\/div>\n                    <\/div>\n                  <\/div>\n                <\/div>\n              <\/div>\n            <\/div>\n          <\/div>\n        <\/div>\n      <\/div>\n    <\/div>\n  <\/div>\n<\/div>","protected":false},"excerpt":{"rendered":"<p>Unsere Gruppen Die Krippengruppe Im Erdgeschoss der Kindervilla ist unsere Krippengruppe f\u00fcr bis zu 15 Kinder zwischen vier Monaten und drei Jahren. Der Tagesablauf orientiert sich an unseren Kindern: Nach dem gleitenden Fr\u00fchst\u00fcck gestalten die Erzieher:innen mit den Kindern je nach den&nbsp;Bed\u00fcrfnissen und aktuellen Projekten die Freispielphase. Ausfl\u00fcge zu Spielpl\u00e4tzen der Umgebung, dem Markt und [&hellip;]<\/p>\n","protected":false},"author":1,"featured_media":0,"parent":0,"menu_order":0,"comment_status":"closed","ping_status":"closed","template":"page-templates\/full-width-page.php","meta":{"footnotes":""},"class_list":["post-246","page","type-page","status-publish","hentry"],"_links":{"self":[{"href":"https:\/\/kindervillaosnabrueck.de\/cms\/wp-json\/wp\/v2\/pages\/246","targetHints":{"allow":["GET"]}}],"collection":[{"href":"https:\/\/kindervillaosnabrueck.de\/cms\/wp-json\/wp\/v2\/pages"}],"about":[{"href":"https:\/\/kindervillaosnabrueck.de\/cms\/wp-json\/wp\/v2\/types\/page"}],"author":[{"embeddable":true,"href":"https:\/\/kindervillaosnabrueck.de\/cms\/wp-json\/wp\/v2\/users\/1"}],"replies":[{"embeddable":true,"href":"https:\/\/kindervillaosnabrueck.de\/cms\/wp-json\/wp\/v2\/comments?post=246"}],"version-history":[{"count":7,"href":"https:\/\/kindervillaosnabrueck.de\/cms\/wp-json\/wp\/v2\/pages\/246\/revisions"}],"predecessor-version":[{"id":877,"href":"https:\/\/kindervillaosnabrueck.de\/cms\/wp-json\/wp\/v2\/pages\/246\/revisions\/877"}],"wp:attachment":[{"href":"https:\/\/kindervillaosnabrueck.de\/cms\/wp-json\/wp\/v2\/media?parent=246"}],"curies":[{"name":"wp","href":"https:\/\/api.w.org\/{rel}","templated":true}]}}